s digit of 237283?
2
What is the ten thousands digit of 1043201?
4
What is the thousands digit of 2495055?
5
What is the millions digit of 5542302?
5
What is the ten thousands digit of 411607?
1
What is the hundreds digit of 2187608?
6
What is the tens digit of 168162?
6
What is the ten thousands digit of 140459?
4
What is the ten millions digit of 33803186?
3
What is the units digit of 5073704?
4
What is the hundred thousands digit of 8485170?
4
What is the hundreds digit of 669236?
2
What is the hundred thousands digit of 766523?
7
What is the thousands digit of 32486558?
6
What is the tens digit of 32355?
5
What is the millions digit of 2215392?
2
What is the units digit of 3532750?
0
What is the units digit of 13855137?
7
What is the hundred thousands digit of 167962?
1
What is the millions digit of 1641919?
1
What is the units digit of 8687950?
0
What is the units digit of 15799809?
9
What is the thousands digit of 695639?
5
What is the tens digit of 94342?
4
What is the millions digit of 11796033?
1
What is the tens digit of 4054226?
2
What is the thousands digit of 175092?
5
What is the ten thousands digit of 263991?
6
What is the ten millions digit of 13864280?
1
What is the hundreds digit of 547047?
0
What is the hundred thousands digit of 560889?
5
What is the millions digit of 28469928?
8
What is the units digit of 7916389?
9
What is the ten thousands digit of 5681782?
8
What is the hundreds digit of 278810?
8
What is the ten millions digit of 17816115?
1
What is the ten thousands digit of 10694969?
9
What is the millions digit of 15204372?
5
What is the hundred thousands digit of 751032?
7
What is the thousands digit of 716932?
6
What is the tens digit of 86321?
2
What is the thousands digit of 258418?
8
What is the thousands digit of 1032797?
2
What is the hundred thousands digit of 5820802?
8
What is the hundreds digit of 81030?
0
What is the thousands digit of 2760309?
0
What is the millions digit of 5895765?
5
What is the millions digit of 17907295?
7
What is the millions digit of 6110170?
6
What is the ten thousands digit of 251388?
5
What is the hundreds digit of 1908384?
3
What is the units digit of 4253919?
9
What is the ten thousands digit of 799731?
9
What is the ten millions digit of 12013479?
1
What is the units digit of 690890?
0
What is the thousands digit of 92399?
2
What is the hundred thousands digit of 820834?
8
What is the tens digit of 202526?
2
What is the hundred thousands digit of 273811?
2
What is the tens digit of 124387?
8
What is the tens digit of 893463?
6
What is the thousands digit of 553866?
3
What is the thousands digit of 5505450?
5
What is the units digit of 81083?
3
What is the tens digit of 4608123?
2
What is the hundred thousands digit of 1155306?
1
What is the thousands digit of 2927881?
7
What is the thousands digit of 61941?
1
What is the millions digit of 7113309?
7
What is the units digit of 27651?
1
What is the tens digit of 16105547?
4
What is the tens digit of 17838?
3
What is the hundred thousands digit of 12634819?
6
What is the thousands digit of 3676328?
6
What is the thousands digit of 54341?
4
What is the ten thousands digit of 17900919?
0
What is the hundreds digit of 110048?
0
What is the ten thousands digit of 5335899?
3
What is the thousands digit of 104547?
4
What is the hundred thousands digit of 8464537?
4
What is the thousands digit of 97985?
7
What is the thousands digit of 288644?
8
What is the units digit of 1601035?
5
What is the thousands digit of 368409?
8
What is the thousands digit of 21608398?
8
What is the hundreds digit of 358889?
8
What is the thousands digit of 6363083?
3
What is the hundreds digit of 3285356?
3
What is the thousands digit of 213608?
3
What is the ten thousands digit of 13954297?
5
What is the hundred thousands digit of 373512?
3
What is the thousands digit of 539082?
9
What is the ten thousands digit of 86575?
8
What is the units digit of 348923?
3
What is the units digit of 36043?
3
What is the thousands digit of 1292579?
2
What is the units digit of 7481398?
8
What is the ten thousands digit of 12985?
1
What is the units digit of 6873549?
9
What is the ten thousands digit of 83427?
8
What is the hundreds digit of 9402943?
9
What is the hundreds digit of 351774?
7
What is the hundreds digit of 1427693?
6
What is the millions digit of 6234698?
6
What is the units digit of 9311946?
6
What is the hundreds digit of 19938987?
9
What is the hundred thousands digit of 4193378?
1
What is the tens digit of 113089?
8
What is the tens digit of 2692887?
8
What is the units digit of 4036259?
9
What is the hundreds digit of 40901?
9
What is the units digit of 3685984?
4
What is the thousands digit of 8626490?
6
What is the tens digit of 42007?
0
What is the hundred thousands digit of 4490823?
4
What is the ten thousands digit of 477030?
7
What is the tens digit of 381231?
3
What is the hundred thousands digit of 6612133?
6
What is the thousands digit of 1046207?
6
What is the ten thousands digit of 2800361?
0
What is the units digit of 212825?
5
What is the tens digit of 6332175?
7
What is the ten thousands digit of 368563?
6
What is the hundreds digit of 85900?
9
What is the tens digit of 290894?
9
What is the hundreds digit of 2700029?
0
What is the hundreds digit of 20401414?
4
What is the thousands digit of 3618550?
8
What is the units digit of 17408099?
9
What is the ten thousands digit of 523280?
2
What is the hundred thousands digit of 351915?
3
What is the tens digit of 12450?
5
What is the millions digit of 1349273?
1
What is the millions digit of 39429724?
9
What is the hundred thousands digit of 9087394?
0
What is the thousands digit of 500017?
0
What is the millions digit of 1082534?
1
What is the thousands digit of 365209?
5
What is the thousands digit of 4811116?
1
What is the millions digit of 19030778?
9
What is the tens digit of 6616230?
3
What is the units digit of 87290?
0
What is the hundred thousands digit of 1561172?
5
What is the thousands digit of 11675460?
5
What is the ten thousands digit of 7204658?
0
What is the units digit of 270706?
6
What is the hundred thousands digit of 1170505?
1
What is the hundreds digit of 92782?
7
What is the thousands digit of 698541?
8
What is the millions digit of 3093155?
3
What is the hundreds digit of 985776?
7
What is the tens digit of 1553561?
6
What is the ten millions digit of 16103196?
1
What is the hundreds digit of 34196488?
4
What is the ten thousands digit of 374793?
7
What is the units digit of 4518281?
1
What is the units digit of 496960?
0
What is the hundred thousands digit of 506026?
5
What is the tens digit of 328775?
7
What is the tens digit of 2268862?
6
What is the units digit of 1130296?
6
What is the hundreds digit of 37402?
4
What is the millions digit of 1777655?
1
What is the units digit of 590277?
7
What is the units digit of 5253629?
9
What is the hundred thousands digit of 592378?
5
What is the units digit of 2125935?
5
What is the tens digit of 587213?
1
What is the units digit of 673450?
0
What is the hundred thousands digit of 195854?
1
What is the hundred thousands digit of 2303545?
3
What is the ten thousands digit of 1117094?
1
What is the thousands digit of 5190507?
0
What is the thousands digit of 113028?
3
What is the ten millions digit of 35509704?
3
What is the tens digit of 4991081?
8
What is the hundred thousands digit of 5484112?
4
What is the hundred thousands digit of 228827?
2
What is the tens digit of 4624846?
4
What is the thousands digit of 1142114?
2
What is the thousands digit of 233157?
3
What is the hundred thousands digit of 1383091?
3
What is the thousands digit of 8454286?
4
What is the hundred thousands digit of 2036289?
0
What is the tens digit of 162033?
3
What is the millions digit of 9914168?
9
What is the hundreds digit of 98124?
1
What is the thousands digit of 204179?
4
What is the ten thousands digit of 3928304?
2
What is the units digit of 718922?
2
What is the thousands digit of 423110?
3
What is the hundred thousands digit of 626537?
6
What is the ten thousands digit of 4642983?
4
What is the thousands digit of 7161300?
1
What is the tens digit of 505607?
0
What is the thousands digit of 390948?
0
What is the hundred thousands 